{"id":383,"date":"2021-03-29T20:51:04","date_gmt":"2021-03-29T19:51:04","guid":{"rendered":"https:\/\/fvalemannia08nied.de\/?page_id=383"},"modified":"2024-12-17T14:03:20","modified_gmt":"2024-12-17T13:03:20","slug":"jugend","status":"publish","type":"page","link":"https:\/\/fvalemannia08nied.de\/?page_id=383","title":{"rendered":"Jugend"},"content":{"rendered":"\n<div class=\"wp-block-columns are-vertically-aligned-top is-layout-flex wp-container-core-columns-is-layout-3 wp-block-columns-is-layout-flex\">\n<div class=\"wp-block-column is-layout-flow wp-block-column-is-layout-flow\">\n<div class=\"wp-block-columns is-layout-flex wp-container-core-columns-is-layout-2 wp-block-columns-is-layout-flex\">\n<div class=\"wp-block-column is-layout-flow wp-block-column-is-layout-flow\">\n<div class=\"wp-block-columns is-layout-flex wp-container-core-columns-is-layout-1 wp-block-columns-is-layout-flex\">\n<div class=\"wp-block-column is-layout-flow wp-block-column-is-layout-flow\" style=\"flex-basis:66.66%\">\n<p>Mit mehr als 200 Kinder- und Jugendlichen sind wir der gr\u00f6\u00dfte Nieder Verein. Spass am Spiel steht dabei im Mittelpunkt. Aber vielleicht wird einer von den Kleinen Alemannen auch ein Nationalspieler. Gemeinschaft macht uns stark.   <\/p>\n\n\n\n<p>F\u00fcr die Saison spielen f\u00fcr uns:<\/p>\n\n\n\n<p><strong>Unsere Jugendtainer &#8211; Power f\u00fcr unsere Jugend<\/strong><\/p>\n<\/div>\n\n\n\n<div class=\"wp-block-column is-layout-flow wp-block-column-is-layout-flow\" style=\"flex-basis:33.33%\">\n<figure class=\"wp-block-video\"><video controls src=\"https:\/\/fvalemannia08nied.de\/wp-content\/uploads\/2022\/03\/Einlaufkinder_Kurz-2.mp4\"><\/video><\/figure>\n<\/div>\n<\/div>\n<\/div>\n<\/div>\n<\/div>\n<\/div>\n\n\n\n<figure class=\"wp-block-image size-large\"><a href=\"https:\/\/fvalemannia08nied.de\/wp-content\/uploads\/2021\/09\/Trainer_Hubsch_Suewag.jpg\"><img loading=\"lazy\" decoding=\"async\" width=\"1024\" height=\"576\" src=\"https:\/\/fvalemannia08nied.de\/wp-content\/uploads\/2021\/09\/Trainer_Hubsch_Suewag-1024x576.jpg\" alt=\"\" class=\"wp-image-803\" srcset=\"https:\/\/fvalemannia08nied.de\/wp-content\/uploads\/2021\/09\/Trainer_Hubsch_Suewag-1024x576.jpg 1024w, https:\/\/fvalemannia08nied.de\/wp-content\/uploads\/2021\/09\/Trainer_Hubsch_Suewag-300x169.jpg 300w, https:\/\/fvalemannia08nied.de\/wp-content\/uploads\/2021\/09\/Trainer_Hubsch_Suewag-150x84.jpg 150w, https:\/\/fvalemannia08nied.de\/wp-content\/uploads\/2021\/09\/Trainer_Hubsch_Suewag-768x432.jpg 768w, https:\/\/fvalemannia08nied.de\/wp-content\/uploads\/2021\/09\/Trainer_Hubsch_Suewag.jpg 1280w\" sizes=\"(max-width: 1024px) 100vw, 1024px\" \/><\/a><\/figure>\n\n\n\n<p>Von links: Cornell, Karim, \u00d6tzi, Pascal, J\u00f6rg, Steffi, Orkay, Peter, Matze, Daniel. Es fehlt: Murat<\/p>\n\n\n\n<p><strong>Unsere B-Jugend<\/strong><\/p>\n\n\n\n<p><strong>Unsere C1-Jugend<\/strong><\/p>\n\n\n\n<p><strong>Unsere C2-Jugend<\/strong><\/p>\n\n\n\n<p><strong>Unsere D1-Jugend<\/strong><\/p>\n\n\n\n<p><strong>Unsere D2-Jugend<\/strong> (FS)<\/p>\n\n\n\n<div class=\"wp-block-group\"><div class=\"wp-block-group__inner-container is-layout-constrained wp-block-group-is-layout-constrained\">\n<p><strong>Unsere E1-Jugend<\/strong><\/p>\n\n\n\n<figure class=\"wp-block-image size-large\"><a href=\"https:\/\/fvalemannia08nied.de\/wp-content\/uploads\/2023\/09\/WhatsApp-Image-2023-09-22-at-10.46.57.jpeg\"><img loading=\"lazy\" decoding=\"async\" width=\"1024\" height=\"768\" src=\"https:\/\/fvalemannia08nied.de\/wp-content\/uploads\/2023\/09\/WhatsApp-Image-2023-09-22-at-10.46.57-1024x768.jpeg\" alt=\"\" class=\"wp-image-2180\" srcset=\"https:\/\/fvalemannia08nied.de\/wp-content\/uploads\/2023\/09\/WhatsApp-Image-2023-09-22-at-10.46.57-1024x768.jpeg 1024w, https:\/\/fvalemannia08nied.de\/wp-content\/uploads\/2023\/09\/WhatsApp-Image-2023-09-22-at-10.46.57-300x225.jpeg 300w, https:\/\/fvalemannia08nied.de\/wp-content\/uploads\/2023\/09\/WhatsApp-Image-2023-09-22-at-10.46.57-150x113.jpeg 150w, https:\/\/fvalemannia08nied.de\/wp-content\/uploads\/2023\/09\/WhatsApp-Image-2023-09-22-at-10.46.57-768x576.jpeg 768w, https:\/\/fvalemannia08nied.de\/wp-content\/uploads\/2023\/09\/WhatsApp-Image-2023-09-22-at-10.46.57-1536x1152.jpeg 1536w, https:\/\/fvalemannia08nied.de\/wp-content\/uploads\/2023\/09\/WhatsApp-Image-2023-09-22-at-10.46.57.jpeg 2000w\" sizes=\"(max-width: 1024px) 100vw, 1024px\" \/><\/a><\/figure>\n<\/div><\/div>\n\n\n\n<p><\/p>\n\n\n\n<div class=\"wp-block-group\"><div class=\"wp-block-group__inner-container is-layout-constrained wp-block-group-is-layout-constrained\">\n<p><strong>Unsere E2\/1-Jugend<\/strong><\/p>\n\n\n\n<figure class=\"wp-block-image size-large is-resized\"><a href=\"https:\/\/fvalemannia08nied.de\/wp-content\/uploads\/2023\/07\/E21-Jugend_202324.jpg\"><img loading=\"lazy\" decoding=\"async\" width=\"1024\" height=\"724\" src=\"https:\/\/fvalemannia08nied.de\/wp-content\/uploads\/2023\/07\/E21-Jugend_202324-1024x724.jpg\" alt=\"\" class=\"wp-image-2072\" style=\"width:840px;height:593px\" srcset=\"https:\/\/fvalemannia08nied.de\/wp-content\/uploads\/2023\/07\/E21-Jugend_202324-1024x724.jpg 1024w, https:\/\/fvalemannia08nied.de\/wp-content\/uploads\/2023\/07\/E21-Jugend_202324-300x212.jpg 300w, https:\/\/fvalemannia08nied.de\/wp-content\/uploads\/2023\/07\/E21-Jugend_202324-150x106.jpg 150w, https:\/\/fvalemannia08nied.de\/wp-content\/uploads\/2023\/07\/E21-Jugend_202324-768x543.jpg 768w, https:\/\/fvalemannia08nied.de\/wp-content\/uploads\/2023\/07\/E21-Jugend_202324-1536x1086.jpg 1536w, https:\/\/fvalemannia08nied.de\/wp-content\/uploads\/2023\/07\/E21-Jugend_202324.jpg 1754w\" sizes=\"(max-width: 1024px) 100vw, 1024px\" \/><\/a><figcaption class=\"wp-element-caption\">Taha, Valentin, Siefau, Youssef, Omar, Abdelrahman, Jack, Alessio, Valentin, Salman, Mehmet, Luana, Maxim, Imad, Salah, Yunus<\/figcaption><\/figure>\n<\/div><\/div>\n\n\n\n<p><strong>Unsere E2\/2-Jugend<\/strong><\/p>\n\n\n\n<figure class=\"wp-block-image size-large is-resized\"><a href=\"https:\/\/fvalemannia08nied.de\/wp-content\/uploads\/2023\/09\/PXL_20230909_111634198.MP_.jpg\"><img loading=\"lazy\" decoding=\"async\" width=\"1024\" height=\"768\" src=\"https:\/\/fvalemannia08nied.de\/wp-content\/uploads\/2023\/09\/PXL_20230909_111634198.MP_-1024x768.jpg\" alt=\"\" class=\"wp-image-2169\" style=\"width:768px;height:576px\" srcset=\"https:\/\/fvalemannia08nied.de\/wp-content\/uploads\/2023\/09\/PXL_20230909_111634198.MP_-1024x768.jpg 1024w, https:\/\/fvalemannia08nied.de\/wp-content\/uploads\/2023\/09\/PXL_20230909_111634198.MP_-300x225.jpg 300w, https:\/\/fvalemannia08nied.de\/wp-content\/uploads\/2023\/09\/PXL_20230909_111634198.MP_-150x113.jpg 150w, https:\/\/fvalemannia08nied.de\/wp-content\/uploads\/2023\/09\/PXL_20230909_111634198.MP_-768x576.jpg 768w, https:\/\/fvalemannia08nied.de\/wp-content\/uploads\/2023\/09\/PXL_20230909_111634198.MP_-1536x1152.jpg 1536w, https:\/\/fvalemannia08nied.de\/wp-content\/uploads\/2023\/09\/PXL_20230909_111634198.MP_-2048x1536.jpg 2048w\" sizes=\"(max-width: 1024px) 100vw, 1024px\" \/><\/a><figcaption class=\"wp-element-caption\">Yusuf, Ari, Ignicy, Mert, Mehmet, Lendrit, Emilio, Mehmet, Jacob, Michael, Lucas, Robert, Pascal<\/figcaption><\/figure>\n\n\n\n<p><strong>Unsere F1\/1-Jugend<\/strong><\/p>\n\n\n\n<p><strong>Unsere F1\/2-Jugend<\/strong><\/p>\n\n\n\n<p><strong>Unsere G-Jugend<\/strong><\/p>\n\n\n\n<figure class=\"wp-block-image size-large\"><img loading=\"lazy\" decoding=\"async\" width=\"1024\" height=\"768\" src=\"https:\/\/fvalemannia08nied.de\/wp-content\/uploads\/2024\/03\/WhatsApp-Image-2024-03-23-at-18.13.50_a3bb0c06-1024x768.jpg\" alt=\"\" class=\"wp-image-2301\" srcset=\"https:\/\/fvalemannia08nied.de\/wp-content\/uploads\/2024\/03\/WhatsApp-Image-2024-03-23-at-18.13.50_a3bb0c06-1024x768.jpg 1024w, https:\/\/fvalemannia08nied.de\/wp-content\/uploads\/2024\/03\/WhatsApp-Image-2024-03-23-at-18.13.50_a3bb0c06-300x225.jpg 300w, https:\/\/fvalemannia08nied.de\/wp-content\/uploads\/2024\/03\/WhatsApp-Image-2024-03-23-at-18.13.50_a3bb0c06-150x113.jpg 150w, https:\/\/fvalemannia08nied.de\/wp-content\/uploads\/2024\/03\/WhatsApp-Image-2024-03-23-at-18.13.50_a3bb0c06-768x576.jpg 768w, https:\/\/fvalemannia08nied.de\/wp-content\/uploads\/2024\/03\/WhatsApp-Image-2024-03-23-at-18.13.50_a3bb0c06-1536x1152.jpg 1536w, https:\/\/fvalemannia08nied.de\/wp-content\/uploads\/2024\/03\/WhatsApp-Image-2024-03-23-at-18.13.50_a3bb0c06.jpg 2048w\" sizes=\"(max-width: 1024px) 100vw, 1024px\" \/><figcaption class=\"wp-element-caption\">Ferhat, Tolga, Aliyan, Deniz Emre, Finn, Dejan, Reda, Ata, Keanu, Luan, Rustam, Felix, Theodor, Dan<\/figcaption><\/figure>\n\n\n\n<p><strong>Unsere G2-Jugend<\/strong><\/p>\n\n\n\n<figure class=\"wp-block-image size-large\"><a href=\"https:\/\/fvalemannia08nied.de\/wp-content\/uploads\/2024\/12\/WhatsApp-Image-2024-12-10-at-20.23.23_2c339fa3.jpg\"><img loading=\"lazy\" decoding=\"async\" width=\"1024\" height=\"768\" src=\"https:\/\/fvalemannia08nied.de\/wp-content\/uploads\/2024\/12\/WhatsApp-Image-2024-12-10-at-20.23.23_2c339fa3-1024x768.jpg\" alt=\"\" class=\"wp-image-2893\" srcset=\"https:\/\/fvalemannia08nied.de\/wp-content\/uploads\/2024\/12\/WhatsApp-Image-2024-12-10-at-20.23.23_2c339fa3-1024x768.jpg 1024w, https:\/\/fvalemannia08nied.de\/wp-content\/uploads\/2024\/12\/WhatsApp-Image-2024-12-10-at-20.23.23_2c339fa3-300x225.jpg 300w, https:\/\/fvalemannia08nied.de\/wp-content\/uploads\/2024\/12\/WhatsApp-Image-2024-12-10-at-20.23.23_2c339fa3-150x113.jpg 150w, https:\/\/fvalemannia08nied.de\/wp-content\/uploads\/2024\/12\/WhatsApp-Image-2024-12-10-at-20.23.23_2c339fa3-768x576.jpg 768w, https:\/\/fvalemannia08nied.de\/wp-content\/uploads\/2024\/12\/WhatsApp-Image-2024-12-10-at-20.23.23_2c339fa3-1536x1152.jpg 1536w, https:\/\/fvalemannia08nied.de\/wp-content\/uploads\/2024\/12\/WhatsApp-Image-2024-12-10-at-20.23.23_2c339fa3.jpg 2048w\" sizes=\"(max-width: 1024px) 100vw, 1024px\" \/><\/a><\/figure>\n\n\n\n<p><strong>Unsere Bambinis<\/strong><\/p>\n\n\n\n<p><\/p>\n","protected":false},"excerpt":{"rendered":"<p>Mit mehr als 200 Kinder- und Jugendlichen sind wir der gr\u00f6\u00dfte Nieder Verein. Spass am Spiel steht dabei im Mittelpunkt. Aber vielleicht wird einer von den Kleinen Alemannen auch ein Nationalspieler. Gemeinschaft macht uns stark. F\u00fcr die Saison spielen f\u00fcr uns: Unsere Jugendtainer &#8211; Power f\u00fcr unsere Jugend Von links: Cornell, Karim, \u00d6tzi, Pascal, J\u00f6rg, [&hellip;]<\/p>\n","protected":false},"author":1,"featured_media":0,"parent":0,"menu_order":0,"comment_status":"closed","ping_status":"closed","template":"","meta":{"footnotes":""},"_links":{"self":[{"href":"https:\/\/fvalemannia08nied.de\/index.php?rest_route=\/wp\/v2\/pages\/383"}],"collection":[{"href":"https:\/\/fvalemannia08nied.de\/index.php?rest_route=\/wp\/v2\/pages"}],"about":[{"href":"https:\/\/fvalemannia08nied.de\/index.php?rest_route=\/wp\/v2\/types\/page"}],"author":[{"embeddable":true,"href":"https:\/\/fvalemannia08nied.de\/index.php?rest_route=\/wp\/v2\/users\/1"}],"replies":[{"embeddable":true,"href":"https:\/\/fvalemannia08nied.de\/index.php?rest_route=%2Fwp%2Fv2%2Fcomments&post=383"}],"version-history":[{"count":43,"href":"https:\/\/fvalemannia08nied.de\/index.php?rest_route=\/wp\/v2\/pages\/383\/revisions"}],"predecessor-version":[{"id":2896,"href":"https:\/\/fvalemannia08nied.de\/index.php?rest_route=\/wp\/v2\/pages\/383\/revisions\/2896"}],"wp:attachment":[{"href":"https:\/\/fvalemannia08nied.de\/index.php?rest_route=%2Fwp%2Fv2%2Fmedia&parent=383"}],"curies":[{"name":"wp","href":"https:\/\/api.w.org\/{rel}","templated":true}]}}